{"id":31478,"date":"2026-02-23T15:02:38","date_gmt":"2026-02-23T15:02:38","guid":{"rendered":"https:\/\/vanitys.de\/buch-online\/?page_id=31478"},"modified":"2026-02-23T15:02:39","modified_gmt":"2026-02-23T15:02:39","slug":"impressum","status":"publish","type":"page","link":"https:\/\/vanitys.de\/buch-online\/impressum\/","title":{"rendered":"Impressum"},"content":{"rendered":"\n<!DOCTYPE html>\n<html lang=\"de\">\n<head>\n  <meta charset=\"UTF-8\">\n  <meta name=\"viewport\" content=\"width=device-width, initial-scale=1.0\">\n  <title>Impressum \u2013 Oelder Buchhandlung &#038; Teekontorei<\/title>\n  <style>\n    body {\n      font-family: system-ui, -apple-system, sans-serif;\n      line-height: 1.6;\n      max-width: 760px;\n      margin: 40px auto;\n      padding: 0 20px;\n      color: #111;\n    }\n    h1 {\n      font-size: 1.9rem;\n      border-bottom: 2px solid #8b4513;\n      padding-bottom: 0.4em;\n      margin-bottom: 1.2em;\n      color: #2c1a0d;\n    }\n    h2 {\n      font-size: 1.35rem;\n      margin: 2rem 0 0.8rem;\n      color: #444;\n    }\n    .firmenname {\n      font-size: 1.55rem;\n      font-weight: bold;\n      margin: 0.8em 0;\n      color: #2c1a0d;\n    }\n    dl {\n      margin: 1.2em 0;\n    }\n    dt {\n      font-weight: bold;\n      width: 14em;\n      float: left;\n      clear: left;\n      color: #444;\n    }\n    dd {\n      margin-left: 15em;\n      margin-bottom: 0.6em;\n    }\n    .websites {\n      margin-top: 2em;\n      padding-top: 1.5em;\n      border-top: 1px solid #ddd;\n    }\n    .websites ul {\n      list-style: none;\n      padding-left: 0;\n      margin: 0.8em 0;\n    }\n    .websites li {\n      margin: 0.4em 0;\n    }\n    .websites a {\n      color: #0066cc;\n      text-decoration: none;\n    }\n    .websites a:hover {\n      text-decoration: underline;\n    }\n    .small {\n      font-size: 0.92rem;\n      color: #555;\n      margin-top: 2.5rem;\n      padding-top: 1em;\n      border-top: 1px solid #eee;\n    }\n    .section-sep {\n      margin: 3rem 0;\n      border-top: 3px solid #8b4513;\n      padding-top: 2rem;\n    }\n  <\/style>\n<\/head>\n<body>\n\n  <h1>Impressum<\/h1>\n\n  <div class=\"firmenname\">Oelder Buchhandlung &#038; Teekontorei<\/div>\n  <p>Inhaber: Christian H\u00f6pker<\/p>\n\n  <dl>\n    <dt>Gesch\u00e4ftsf\u00fchrung COO<\/dt>\n    <dd>Christian H\u00f6pker<\/dd>\n\n    <dt>Gesch\u00e4ftsleitung Strategien, IT, CFO<\/dt>\n    <dd>Stefan Thomas<\/dd>\n\n    <dt>Anschrift (Ladengesch\u00e4ft)<\/dt>\n    <dd>\n      Lange Str. 11<br>\n      59302 Oelde\n    <\/dd>\n\n    <dt>Telefon<\/dt>\n    <dd>02522 9379500<\/dd>\n\n    <dt>Mobil<\/dt>\n    <dd>+49 176 41803134<\/dd>\n\n    <dt>E-Mail<\/dt>\n    <dd><a href=\"mailto:oeldebuchhandlung@gmail.com\">oeldebuchhandlung@gmail.com<\/a><\/dd>\n\n    <dt>Webmaster<\/dt>\n    <dd><a href=\"mailto:webmaster@oelder-buchhandlung.de\">webmaster@oelder-buchhandlung.de<\/a><\/dd>\n\n    <dt>Umsatzsteuer-ID<\/dt>\n    <dd>DE252967848<\/dd>\n  <\/dl>\n\n  <p>Mitglied im<br>\n  <strong>B\u00f6rsenverein des Deutschen Buchhandels e.V.<\/strong><\/p>\n\n  <div class=\"section-sep\">\n\n    <h2>Betreiber der Websites<\/h2>\n    <p>Alle genannten Websites sind Eigentum von Stefan Thomas.<\/p>\n\n    <dl>\n      <dt>Anschrift<\/dt>\n      <dd>\n        Israel-Baker-Stra\u00dfe 5b<br>\n        86899 Landsberg am Lech\n      <\/dd>\n\n      <dt>Telefon<\/dt>\n      <dd>+49 155 65745291<\/dd>\n\n      <dt>E-Mail<\/dt>\n      <dd><a href=\"mailto:oeldebuchhandlung@gmail.com\">oeldebuchhandlung@gmail.com<\/a><\/dd>\n    <\/dl>\n\n    <div class=\"websites\">\n      <h2>Unsere Websites (Eigentum von Stefan Thomas)<\/h2>\n      <ul>\n        <li><a href=\"https:\/\/www.oelder-buchhandlung.de\" target=\"_blank\" rel=\"noopener\">www.oelder-buchhandlung.de<\/a><\/li>\n        <li><a href=\"https:\/\/www.schulb\u00fccher-bestellen.de\" target=\"_blank\" rel=\"noopener\">www.schulb\u00fccher-bestellen.de<\/a><\/li>\n        <li><a href=\"https:\/\/www.schulbuch-bestellen-online.de\" target=\"_blank\" rel=\"noopener\">www.schulbuch-bestellen-online.de<\/a><\/li>\n        <li><a href=\"https:\/\/www.buchhandlung-schulbuch.de\" target=\"_blank\" rel=\"noopener\">www.buchhandlung-schulbuch.de<\/a><\/li>\n        <li><a href=\"https:\/\/www.bestseller-buch.com\" target=\"_blank\" rel=\"noopener\">www.bestseller-buch.com<\/a><\/li>\n        <li><a href=\"https:\/\/www.bio-tee-kaufen.de\" target=\"_blank\" rel=\"noopener\">www.bio-tee-kaufen.de<\/a><\/li>\n      <\/ul>\n    <\/div>\n\n  <\/div>\n\n  <p class=\"small\">\n    Diensteanbieter gem\u00e4\u00df \u00a7 5 DDG (Digitale-Dienste-Gesetz):<br>\n    Stefan Thomas<br>\n    Israel-Baker-Stra\u00dfe 5b<br>\n    86899 Landsberg am Lech<br>\n    Telefon: +49 155 65745291\n  <\/p>\n\n  <p class=\"small\">\n    Inhaltlich Verantwortlicher gem\u00e4\u00df \u00a7 18 Abs. 2 Medienstaatsvertrag (MStV):<br>\n    Stefan Thomas<br>\n    Israel-Baker-Stra\u00dfe 5b<br>\n    86899 Landsberg am Lech\n  <\/p>\n\n  <p class=\"small\">\n    Vertretungsberechtigt f\u00fcr das Ladengesch\u00e4ft \/ Inhaber:<br>\n    Christian H\u00f6pker \u2013 Oelder Buchhandlung &#038; Teekontorei \u2013 Lange Str. 11 \u2013 59302 Oelde\n  <\/p>\n\n<\/body>\n<\/html>\n","protected":false},"excerpt":{"rendered":"<p>Impressum \u2013 Oelder Buchhandlung &#038; Teekontorei Impressum Oelder Buchhandlung &#038; Teekontorei Inhaber: Christian H\u00f6pker Gesch\u00e4ftsf\u00fchrung COO Christian H\u00f6pker Gesch\u00e4ftsleitung Strategien, IT, CFO Stefan Thomas Anschrift (Ladengesch\u00e4ft) Lange Str. 11 59302 Oelde Telefon 02522 9379500 Mobil +49 176 41803134 E-Mail oeldebuchhandlung@gmail.com Webmaster webmaster@oelder-buchhandlung.de Umsatzsteuer-ID DE252967848 Mitglied im B\u00f6rsenverein des Deutschen Buchhandels e.V. Betreiber der Websites Alle [&hellip;]<\/p>\n","protected":false},"author":1,"featured_media":0,"parent":0,"menu_order":0,"comment_status":"closed","ping_status":"closed","template":"","meta":{"footnotes":""},"class_list":["post-31478","page","type-page","status-publish","hentry"],"yoast_head":"<!-- This site is optimized with the Yoast SEO plugin v27.2 - https:\/\/yoast.com\/product\/yoast-seo-wordpress\/ -->\n<title>Impressum - Online Schulbuch Buchhandlung<\/title>\n<meta name=\"robots\" content=\"index, follow, max-snippet:-1, max-image-preview:large, max-video-preview:-1\" \/>\n<link rel=\"canonical\" href=\"https:\/\/vanitys.de\/buch-online\/impressum\/\" \/>\n<meta property=\"og:locale\" content=\"de_DE\" \/>\n<meta property=\"og:type\" content=\"article\" \/>\n<meta property=\"og:title\" content=\"Impressum - Online Schulbuch Buchhandlung\" \/>\n<meta property=\"og:description\" content=\"Impressum \u2013 Oelder Buchhandlung &#038; Teekontorei Impressum Oelder Buchhandlung &#038; Teekontorei Inhaber: Christian H\u00f6pker Gesch\u00e4ftsf\u00fchrung COO Christian H\u00f6pker Gesch\u00e4ftsleitung Strategien, IT, CFO Stefan Thomas Anschrift (Ladengesch\u00e4ft) Lange Str. 11 59302 Oelde Telefon 02522 9379500 Mobil +49 176 41803134 E-Mail oeldebuchhandlung@gmail.com Webmaster webmaster@oelder-buchhandlung.de Umsatzsteuer-ID DE252967848 Mitglied im B\u00f6rsenverein des Deutschen Buchhandels e.V. Betreiber der Websites Alle [&hellip;]\" \/>\n<meta property=\"og:url\" content=\"https:\/\/vanitys.de\/buch-online\/impressum\/\" \/>\n<meta property=\"og:site_name\" content=\"Online Schulbuch Buchhandlung\" \/>\n<meta property=\"article:modified_time\" content=\"2026-02-23T15:02:39+00:00\" \/>\n<meta name=\"twitter:card\" content=\"summary_large_image\" \/>\n<meta name=\"twitter:label1\" content=\"Gesch\u00e4tzte Lesezeit\" \/>\n\t<meta name=\"twitter:data1\" content=\"1\u00a0Minute\" \/>\n<script type=\"application\/ld+json\" class=\"yoast-schema-graph\">{\"@context\":\"https:\/\/schema.org\",\"@graph\":[{\"@type\":\"WebPage\",\"@id\":\"https:\/\/vanitys.de\/buch-online\/impressum\/\",\"url\":\"https:\/\/vanitys.de\/buch-online\/impressum\/\",\"name\":\"Impressum - Online Schulbuch Buchhandlung\",\"isPartOf\":{\"@id\":\"https:\/\/vanitys.de\/buch-online\/#website\"},\"datePublished\":\"2026-02-23T15:02:38+00:00\",\"dateModified\":\"2026-02-23T15:02:39+00:00\",\"breadcrumb\":{\"@id\":\"https:\/\/vanitys.de\/buch-online\/impressum\/#breadcrumb\"},\"inLanguage\":\"de\",\"potentialAction\":[{\"@type\":\"ReadAction\",\"target\":[\"https:\/\/vanitys.de\/buch-online\/impressum\/\"]}]},{\"@type\":\"BreadcrumbList\",\"@id\":\"https:\/\/vanitys.de\/buch-online\/impressum\/#breadcrumb\",\"itemListElement\":[{\"@type\":\"ListItem\",\"position\":1,\"name\":\"Start\",\"item\":\"https:\/\/vanitys.de\/buch-online\/\"},{\"@type\":\"ListItem\",\"position\":2,\"name\":\"Impressum\"}]},{\"@type\":\"WebSite\",\"@id\":\"https:\/\/vanitys.de\/buch-online\/#website\",\"url\":\"https:\/\/vanitys.de\/buch-online\/\",\"name\":\"Schulbuch Buchhandlung\",\"description\":\"Schul Buch Buchhandlung Online Shop\",\"potentialAction\":[{\"@type\":\"SearchAction\",\"target\":{\"@type\":\"EntryPoint\",\"urlTemplate\":\"https:\/\/vanitys.de\/buch-online\/?s={search_term_string}\"},\"query-input\":{\"@type\":\"PropertyValueSpecification\",\"valueRequired\":true,\"valueName\":\"search_term_string\"}}],\"inLanguage\":\"de\"}]}<\/script>\n<!-- \/ Yoast SEO plugin. -->","yoast_head_json":{"title":"Impressum - Online Schulbuch Buchhandlung","robots":{"index":"index","follow":"follow","max-snippet":"max-snippet:-1","max-image-preview":"max-image-preview:large","max-video-preview":"max-video-preview:-1"},"canonical":"https:\/\/vanitys.de\/buch-online\/impressum\/","og_locale":"de_DE","og_type":"article","og_title":"Impressum - Online Schulbuch Buchhandlung","og_description":"Impressum \u2013 Oelder Buchhandlung &#038; Teekontorei Impressum Oelder Buchhandlung &#038; Teekontorei Inhaber: Christian H\u00f6pker Gesch\u00e4ftsf\u00fchrung COO Christian H\u00f6pker Gesch\u00e4ftsleitung Strategien, IT, CFO Stefan Thomas Anschrift (Ladengesch\u00e4ft) Lange Str. 11 59302 Oelde Telefon 02522 9379500 Mobil +49 176 41803134 E-Mail oeldebuchhandlung@gmail.com Webmaster webmaster@oelder-buchhandlung.de Umsatzsteuer-ID DE252967848 Mitglied im B\u00f6rsenverein des Deutschen Buchhandels e.V. Betreiber der Websites Alle [&hellip;]","og_url":"https:\/\/vanitys.de\/buch-online\/impressum\/","og_site_name":"Online Schulbuch Buchhandlung","article_modified_time":"2026-02-23T15:02:39+00:00","twitter_card":"summary_large_image","twitter_misc":{"Gesch\u00e4tzte Lesezeit":"1\u00a0Minute"},"schema":{"@context":"https:\/\/schema.org","@graph":[{"@type":"WebPage","@id":"https:\/\/vanitys.de\/buch-online\/impressum\/","url":"https:\/\/vanitys.de\/buch-online\/impressum\/","name":"Impressum - Online Schulbuch Buchhandlung","isPartOf":{"@id":"https:\/\/vanitys.de\/buch-online\/#website"},"datePublished":"2026-02-23T15:02:38+00:00","dateModified":"2026-02-23T15:02:39+00:00","breadcrumb":{"@id":"https:\/\/vanitys.de\/buch-online\/impressum\/#breadcrumb"},"inLanguage":"de","potentialAction":[{"@type":"ReadAction","target":["https:\/\/vanitys.de\/buch-online\/impressum\/"]}]},{"@type":"BreadcrumbList","@id":"https:\/\/vanitys.de\/buch-online\/impressum\/#breadcrumb","itemListElement":[{"@type":"ListItem","position":1,"name":"Start","item":"https:\/\/vanitys.de\/buch-online\/"},{"@type":"ListItem","position":2,"name":"Impressum"}]},{"@type":"WebSite","@id":"https:\/\/vanitys.de\/buch-online\/#website","url":"https:\/\/vanitys.de\/buch-online\/","name":"Schulbuch Buchhandlung","description":"Schul Buch Buchhandlung Online Shop","potentialAction":[{"@type":"SearchAction","target":{"@type":"EntryPoint","urlTemplate":"https:\/\/vanitys.de\/buch-online\/?s={search_term_string}"},"query-input":{"@type":"PropertyValueSpecification","valueRequired":true,"valueName":"search_term_string"}}],"inLanguage":"de"}]}},"_links":{"self":[{"href":"https:\/\/vanitys.de\/buch-online\/wp-json\/wp\/v2\/pages\/31478","targetHints":{"allow":["GET"]}}],"collection":[{"href":"https:\/\/vanitys.de\/buch-online\/wp-json\/wp\/v2\/pages"}],"about":[{"href":"https:\/\/vanitys.de\/buch-online\/wp-json\/wp\/v2\/types\/page"}],"author":[{"embeddable":true,"href":"https:\/\/vanitys.de\/buch-online\/wp-json\/wp\/v2\/users\/1"}],"replies":[{"embeddable":true,"href":"https:\/\/vanitys.de\/buch-online\/wp-json\/wp\/v2\/comments?post=31478"}],"version-history":[{"count":1,"href":"https:\/\/vanitys.de\/buch-online\/wp-json\/wp\/v2\/pages\/31478\/revisions"}],"predecessor-version":[{"id":31480,"href":"https:\/\/vanitys.de\/buch-online\/wp-json\/wp\/v2\/pages\/31478\/revisions\/31480"}],"wp:attachment":[{"href":"https:\/\/vanitys.de\/buch-online\/wp-json\/wp\/v2\/media?parent=31478"}],"curies":[{"name":"wp","href":"https:\/\/api.w.org\/{rel}","templated":true}]}}